when 42 is divided by (-2 - -21) + (-12)/q?
20
Suppose -4*d - 660 = -9*d. What is the remainder when d is divided by 27?
24
Let l be (-3)/6 - (-18)/(-4). What is the remainder when l/((-15)/34)*3 is divided by 12?
10
Let k = 21 + 1. Calculate the remainder when k is divided by 13.
9
Let b(l) = -l**3 + 2*l**2 + 3*l + 7. Calculate the remainder when 26 is divided by b(3).
5
Let g = -6 - -11. Let x = 53 - 37. Suppose -2*r = -x - 2. Calculate the remainder when r is divided by g.
4
Let p = -3 + -23. What is the remainder when 34 is divided by 8/(-52) + (-238)/p?
7
Let g(d) = d**2 - 1. Let y be g(6). Suppose -5*j - 78 = 4*t, 83 = -8*t + 3*t + j. Let v = y + t. What is the remainder when v is divided by 10?
8
Let v = -34 - 54. Let g = v - -148. What is the remainder when g is divided by 21?
18
Let l(k) = k + 17. What is the remainder when 49 is divided by l(9)?
23
Suppose 2*h = 18 + 22. Calculate the remainder when 98 is divided by h.
18
Suppose -2*i - 3*i = -75. Suppose 3*n = -32 + 161. Let y = n - 0. Calculate the remainder when y is divided by i.
13
Let g(m) = 3*m**2 + 2*m + 4. Suppose -4*y = -3*i + 454, 4*i + y - 64 = 516. Suppose -i = 15*h - 17*h. Calculate the remainder when h is divided by g(-3).
23
Suppose 56 = a + 3*a. What is the remainder when 0 + (-54)/(2 - 4) is divided by a?
13
Let k(t) = -4*t - 5. Let x(n) = n**3 - 6*n**2 - 7*n - 6. Let h be x(7). What is the remainder when k(h) is divided by 7?
5
Let h(v) = v**3 + 5*v**2 + 2*v + 1. What is the remainder when 39 + (-3 - -2)*3 is divided by h(-3)?
10
Let h be (-1)/2*(-152)/2. Suppose -3*p - 5*w + 34 = 0, -5*p = -4*p - 2*w + 7. Suppose h - p = l. What is the remainder when l is divided by 12?
11
What is the remainder when (-3585)/(-25) - 4/10 is divided by 36?
35
What is the remainder when (1 + -50)/(-2 - -1) is divided by 17?
15
Suppose -4*c + 5*c - 27 = 0. Let v = c + -16. Calculate the remainder when v is divided by 5.
1
Let u(g) = 26*g**3 + g**2. Let b be u(1). Let j = b + 10. Let s = 16 + -3. What is the remainder when j is divided by s?
11
Suppose -7*a + 138 = -16. Calculate the remainder when 33 is divided by a.
11
Suppose 0 = 4*m - h - 24, -3*m + 5*h - 13 = -2*m. Suppose 0 = 4*a - 0*a - 48. Calculate the remainder when a is divided by m.
5
Suppose 3 - 23 = -5*l. Suppose l*j - 2*y - 17 - 5 = 0, -3*j - 5*y = -23. Calculate the remainder when 5/((-1)/4*-2) is divided by j.
4
Suppose 2*b - 8 = -4. Let i(o) = o**2 - 3*o - 8. Let x be i(6). Let r = -8 + x. What is the remainder when b is divided by r?
0
Let z(p) = 42*p - 242. Let w be ((-2)/((-4)/(-6)))/(-1). Suppose -n - 5 = -b, 0*n + 3*n = w. Calculate the remainder when z(6) is divided by b.
4
Let d(v) = -1 - v**2 + 2 + 1 - 3*v + 9*v**2. What is the remainder when 13 is divided by d(1)?
6
Calculate the remainder when 25 is divided by (3/1)/(12/56).
11
Suppose 4*o - 208 = 3*a - 5*a, 0 = 2*a + 5*o - 209. Calculate the remainder when a is divided by 21.
18
Calculate the remainder when 24 is divided by ((-2)/(-4))/(2/36).
6
Suppose -t + 4*r - 13 = 0, 2*t - 4*r - r + 14 = 0. Let i = 1 + t. Calculate the remainder when 6 is divided by i.
2
Suppose -3*o + 3*g = 2*o - 872, -4*g = 2*o - 354. Suppose 0*y + o = 5*y. Calculate the remainder when y is divided by 12.
11
Let d(o) = o**3 - 9*o**2 + 8*o + 6. Calculate the remainder when d(8) is divided by (-1)/(-4) + 56/32.
0
Let u = -74 - -94. What is the remainder when 77 is divided by u?
17
Let c = -67 + 78. Calculate the remainder when 38 is divided by c.
5
Let k(m) = -2*m**2 - 17*m - 2. Let n = 17 - 7. What is the remainder when k(-6) is divided by n?
8
Let f = -3 - -5. Suppose 0 = n - f - 9. Let h(r) = -2*r + 2. What is the remainder when n is divided by h(-2)?
5
Let a(w) = w**2 - w - 12. What is the remainder when 33 is divided by a(-5)?
15
Suppose -5 - 3 = 2*b, 5*b = -4*d + 12. Suppose -3*w = 2*w + 10. Let i(j) = 5*j**2 + 4*j + 3. What is the remainder when i(w) is divided by d?
7
Let x(l) = -16*l + 5. Calculate the remainder when x(-7) is divided by 30.
27
Let x = 17 + -1. What is the remainder when x is divided by 2/(3/(108/8))?
7
Suppose 4*a + 5 = 65. Calculate the remainder when a is divided by 9.
6
Suppose 0 = -2*f + 4*v + 20, 5 + 9 = -3*f - 5*v. Suppose -41 = 4*l - 5*a + 13, f*a = l + 12. Let w = l - -28. What is the remainder when 34 is divided by w?
10
Calculate the remainder when 23 is divided by 86/11 + 18/99.
7
Suppose -5*i - 2*k = -81, 0 = -i - k - k + 13. Suppose -2*v = 3*a - 0*a - 9, 4*a - 3*v - 29 = 0. What is the remainder when i is divided by a?
2
Let w(j) = -j**2 - j - 1. Let b(z) = -z**2 - z - 7. Let n(l) = b(l) - 2*w(l). Calculate the remainder when n(-4) is divided by 5.
2
Suppose z + 2*n = 0, 2*z + 2*n = 3*n + 10. What is the remainder when 23 is divided by ((-65)/(-10))/(2/z)?
10
Suppose 0 = -n + 2*n - 3. Suppose 0 = -n*k + 2*k + 2. What is the remainder when 7 is divided by k?
1
Let l(k) = -3*k**2 - 5*k + 7. Let t(x) = -10*x**2 - 15*x + 21. Let b(s) = -7*l(s) + 2*t(s). What is the remainder when 19 is divided by b(-7)?
5
Calculate the remainder when 53 is divided by (-644)/(-35) + 4/(-10).
17
Let m = -6 + 2. What is the remainder when (3/15*5)/1 is divided by ((1 + m)/3)/(-1)?
0
Let n = 54 + -29. Let d = -26 - -35. Calculate the remainder when n is divided by d.
7
Let z be 1 - 3*4/6. What is the remainder when 16 is divided by 1/((-2)/18)*z?
7
Let j be (-1 - 15)*(-1)/2. Suppose -2*w + w = -j. Calculate the remainder when (-8)/20 + (-234)/(-10) is divided by w.
7
Suppose 0 = 2*p - d - 135, 0 = p - 0*p - 2*d - 60. What is the remainder when p is divided by 17 + 4/4*(-1 + 2)?
16
Suppose 4*n - 220 - 192 = 0. Let h = n + -74. What is the remainder when h is divided by 10?
9
Let l(i) = -i**2 - 13*i + 17. What is the remainder when 63 is divided by l(-13)?
12
Let c = 14 + -10. Suppose w - 2 = -0*w. What is the remainder when c is divided by w?
0
What is the remainder when -3*(-4 + (-48)/9) is divided by 7?
0
Let y(r) = -21*r - 31. Let o(s) = -s**2 + s + 2. Let m be o(0). What is the remainder when y(-3) is divided by (-1)/1 - (-20 + m)?
15
Suppose 0*s + 376 = 4*s. What is the remainder when s is divided by 24?
22
Let c = -11 - -37. Suppose -v - v + c = 0. What is the remainder when v is divided by 7?
6
Let p(r) = 32*r**2 + 2*r - 2. What is the remainder when p(-2) is divided by 25?
22
Let j be ((-10)/15)/(6/171). Let l = 58 + j. What is the remainder when l is divided by 20?
19
Let f be (4/6)/(2/12). Suppose f = 3*g - 5. Let z = -490 - -492. What is the remainder when g is divided by z?
1
Let w = 27 + -19. Calculate the remainder when 14 is divided by w.
6
Let r(l) = l**2 + 25*l + 31. What is the remainder when 65 is divided by r(-24)?
2
Let z(b) = 81*b**3 + 2*b**2 - 1. Let x be z(1). Suppose -4*d + 313 = 5*t, t + x = 3*d - 167. Calculate the remainder when d is divided by 17.
14
Let f(a) = a**2 + 3*a - 1. Let x be f(-4). Suppose -x*j - 3*r = -21, -r = 4*j + 16 - 47. What is the remainder when 15 is divided by j?
7
Let n = 4 - -1. Suppose 3*c = -2 + n. Let j = 9 - c. Calculate the remainder when 23 is divided by j.
7
Let k(v) = -4*v + 0 + 8*v + 1. Calculate the remainder when 14 is divided by k(1).
4
Suppose -s - 5 = 4*s, 5*y - 3*s = -2. Let q be ((-6)/3 + 1)/y. Calculate the remainder when 38*q + (-8)/(-4) is divided by 21.
19
Calculate the remainder when 13 is divided by 150/35 - 2/7.
1
Let w(v) be the first derivative of v**4/4 - 2*v**3/3 - 3*v**2/2 + 4*v - 2. Let u be w(3). Let b = 39 + u. What is the remainder when b is divided by 15?
13
Let j(p) = -p**3 + 9*p**2 - 11. What is the remainder when j(7) is divided by 15?
12
Suppose 2*a = -4*r + 14, -5*r - 3*a = 2*a - 20. Suppose -r*m = -194 + 29. What is the remainder when m is divided by 15?
10
Suppose t - 2 = 3*t. Calculate the remainder when 9 is divided by 27/3*t/(-3).
0
Let g be (-70)/(-28)*4/(-5). Let q(m) = -m + 2*m + 0 + 5*m**2 + 1. What is the remainder when q(g) is divided by 10?
9
Suppose a - 4*l = -0*a + 19, 0 = -4*a + l + 1. What is the remainder when 9 is divided by (-8)/4 + (-4)/a?
1
Let v(a) = -12*a**3 - a - 1. Let p be v(-1). Suppose -w = y - 9 - 17, -w + 48 = 2*y. Calculate the remainder when y is divided by p + 1 + (-2)/2.
10
Let d = 30 - 16. Let i = -1 - -6. Calculate the remainder when d is divid